= -4*n - 2*h - 0*h + 148, 4*n - 160 = h. Let l(j) = j + 17. Calculate the remainder when n is divided by l(-7).
9
Suppose 43 = 4*w - 101. What is the remainder when w is divided by 20?
16
Suppose j - 24 = -5*b, -3*b + 3*j = 2*b - 8. Calculate the remainder when 35 is divided by 1 + 16 + b/2.
16
Suppose 5*d + 19 = -1. Let i = d + 7. Suppose i*u = 7*u - 8. Calculate the remainder when u is divided by 1.
0
Let s = 44 - 33. Let b(g) = g**2 - g - 3. What is the remainder when s is divided by b(3)?
2
Suppose -4*v = 4*x - 44, -3*x + 32 = 4*v - 2*x. Suppose 20 = -3*d + v*d. Calculate the remainder when 29 is divided by (-3*d)/(1/(-1)).
14
Let i = 163 - 138. Calculate the remainder when 122 is divided by i.
22
Let u(h) = -h**3 - 19*h**2 + h + 22. Suppose -3*i - 2 = -z, 0 = -3*z + i + 3*i + 11. Calculate the remainder when z is divided by u(-19).
2
Let q(t) = -t. Let p be q(-1). Calculate the remainder when 66 is divided by -3 - -5 - (-22 + p).
20
Suppose -4*u = 5*h - 147, 0 = -2*u - 2*u - 8. Let n = 6 - 6. Let a(x) = -x + 16. What is the remainder when h is divided by a(n)?
15
What is the remainder when (-2)/(-7) - (-580)/28 is divided by 8?
5
Suppose -2*f + 4*o = o - 38, -5*f - 2*o = -57. Let y(m) = 6*m**2 - 3*m + 3. Let h be y(2). Suppose 5*s = h + 14. What is the remainder when f is divided by s?
6
Let x be 1/(-3)*1*-6. Suppose 2*y + 6 = n - 0, -4*n + 12 = -x*y. Suppose 0 = -3*k - n*z + 35, 6*z - 5*z = 1. What is the remainder when 30 is divided by k?
8
Let z(h) = -h**3 - 6*h**2 + 2*h - 4. Let c be z(-8). Let g = c + -67. Let w(j) = -j**2 - j + 11. What is the remainder when g is divided by w(0)?
8
Let l(n) = n**3 - 15*n**2 - 12*n - 1. Calculate the remainder when l(16) is divided by 33.
30
Let f = -11 + 60. Let y = 27 - 14. Calculate the remainder when f is divided by y.
10
Suppose -5*u - 1 = a, 1 = 2*u + 2*a - 3*a. Suppose 2*v - 4*v + 16 = u. Calculate the remainder when 15 is divided by v.
7
Suppose 0 = -3*u + 46 + 20. Calculate the remainder when u is divided by 12.
10
Suppose -4*f + f = 0. Suppose -4*k + 8 = l, -8 = 3*l - 4*k - f. Suppose l = -3*a + 45. What is the remainder when 43 is divided by a?
13
Let h = 18 + -7. Calculate the remainder when 28 is divided by h.
6
Let f = 93 + -32. Suppose -p + f + 99 = 0. Suppose 0 = 5*o + 5*k - p, 0 = 2*o + 3*k - 66. Calculate the remainder when o is divided by 16.
14
Let j(a) = a**3 + 5*a**2 + 5*a + 2. Let m be j(-6). Let o = -14 - m. Calculate the remainder when o is divided by 17.
16
Let t be 1/(3/54*3). Suppose -2*h = -h - t. Calculate the remainder when 16 is divided by h.
4
Suppose 96 = -17*y + 14*y. Calculate the remainder when (-24)/y + (-345)/(-4) is divided by 30.
27
Let c = 39 - 19. Let t be 4/(-10)*-5*2. Suppose -3*d + t*q + 22 = -d, 0 = 4*q + 8. What is the remainder when c is divided by d?
6
Let u(m) be the first derivative of m**3/3 - 4*m**2 + 7*m - 2. Let z be u(7). Suppose 4*c = -z*c + 64. What is the remainder when 46 is divided by c?
14
Let h(v) = -v**3 + 6*v**2 + 4. Let c be h(6). Suppose -5*l + 135 = j, -3*l + c*j + 157 = 53. Calculate the remainder when l is divided by 10.
8
Let o(u) = u**2 + 5*u + 20. Suppose -s - 4*s + 35 = 0. Calculate the remainder when o(-5) is divided by s.
6
Let d(x) = 2*x**3 + 2*x**2 + 4*x + 2. Let z be d(-2). Let f = -5 - z. What is the remainder when f is divided by 4?
1
Let l be 1/(-2) - 1/(-2). Suppose -1 = -2*z + 3. Suppose z*o - 20 = -l*o. Calculate the remainder when 18 is divided by o.
8
Let r(a) = -16*a - 2. Let l be r(4). Let q = l - -99. What is the remainder when 97 is divided by q?
31
Let d(k) = k**2 + k - 3. Let w be (-3 - (1 - 4)) + 3. What is the remainder when 35 is divided by d(w)?
8
Suppose o + 2 - 7 = 0. Let v(q) = 2*q - 7. What is the remainder when v(o) is divided by 3?
0
Suppose 7 + 5 = 4*l. Suppose 0 = -w - 2, 4*w + 0 + 5 = l*c. What is the remainder when 2 is divided by 1/1 - (0 + c)?
0
Suppose 5*q = -4*c + 206, c + 3*c - q - 194 = 0. Calculate the remainder when c is divided by 13.
10
Let j(a) = a**2 - 6*a + 4. Suppose 0 = -4*t + 21 - 9. What is the remainder when j(6) is divided by t?
1
Let a = 177 + -47. Let p = 223 - a. Suppose 9*r + 3*d - p = 5*r, -5*d - 90 = -5*r. What is the remainder when 40 is divided by r?
19
Suppose 0 = 4*g + 2*v - 12, -4*g = -2*v - v + 8. Suppose 15*w = 11*w + 4. What is the remainder when g is divided by w?
0
Let w = 108 + -71. Let k = -21 + w. What is the remainder when k is divided by 9?
7
Suppose -3*t = -5*g - 5*t + 38, g + 2*t - 6 = 0. What is the remainder when ((-2)/4)/(1/(-28)) is divided by g?
6
Suppose 2*a + 5*o - 18 = 0, -3*a + 5*o + 27 = o. Calculate the remainder when 33 is divided by a.
6
Suppose -54 = j - 2*j. What is the remainder when j is divided by 19?
16
Let z(m) = 3*m**3 + m**2 - 3*m + 1. Calculate the remainder when z(2) is divided by 5.
3
Suppose -4*g - 5*j = -140, -4*j + 49 = -5*g + 183. Calculate the remainder when g is divided by -2*1/((-2)/16).
14
Suppose 0 = 24*n - 23*n - 13. Calculate the remainder when 24 is divided by n.
11
Let u = -41 - -42. Calculate the remainder when u is divided by 1.
0
Suppose -15 = 3*q - z + 9, -5*q + 5*z = 50. Let r = 36 - q. Calculate the remainder when r is divided by -1*5/(5/(-22)).
21
Let j = 20 + -16. Suppose 0 = -a + j*z + z + 25, a = 4*z + 21. Calculate the remainder when a is divided by 3.
2
Let c(o) = -6. Let k(p) = -p + 1. Let m be 6/30 - 12/10. Let u(h) = m*c(h) - 5*k(h). What is the remainder when 32 is divided by u(2)?
10
Suppose 0 = -l - l - 2. Let q be 0*(0 + l) + 7. Suppose -p + q = -6. What is the remainder when 37 is divided by p?
11
Suppose -2*j - d = -29, -j - 2*d = -7*d - 31. Let x be (-1)/(0 - (-1)/(-2)). Suppose x + 10 = 2*t. Calculate the remainder when j is divided by t.
4
Let u = -60 - -86. What is the remainder when (-2 - 0)/((-30)/1545) is divided by u?
25
Let p = 13 - 8. Suppose -39 = 2*d - p*d. What is the remainder when 38 is divided by d?
12
Let d = 51 + -8. Suppose -2*b + a = -15, -4*b = -a + 17 - 50. What is the remainder when d is divided by b?
7
Let v(u) = 2*u + 20. What is the remainder when 21 is divided by v(-7)?
3
What is the remainder when 2/((4/2)/14) is divided by 4?
2
Let i = 28 + -17. Suppose 2*v + 24 = 86. Calculate the remainder when v is divided by i.
9
Let a be (-1 + 0)*1 + 5. Let q = a - -2. Let s = 21 - 11. What is the remainder when s is divided by q?
4
Let u = -54 - -88. Suppose 5*a + u = l, 0 = -4*l - 4*a + 197 - 37. Let k = l - 19. What is the remainder when 58 is divided by k?
18
Suppose q = 2*j - q - 20, 2*j = -2*q + 36. Suppose -5*v + 3*r = -r + j, -3*r - 12 = 0. Let f(w) = -3*w - 6. Calculate the remainder when 22 is divided by f(v).
10
Let s(v) = -v**3 - 2*v**2 - 3*v + 2. Calculate the remainder when s(-3) is divided by (4/4)/(2/14).
6
Let x(m) = 10 + 9 + 2*m - m. Let i be 6*2/8*-6. What is the remainder when x(i) is divided by 3?
1
Suppose 11 = 2*a + 7. Suppose 0 = 5*z - a*z - 33. What is the remainder when z is divided by 7?
4
Let b = -7 + -23. Suppose -2*j + 86 = w, -3*j + 84 = -3*w - 54. Calculate the remainder when j is divided by (b/24)/((-2)/24).
14
Suppose -3*g - 33 = 3*z, -z + 5*z = g - 34. What is the remainder when z/(-3 - (-22)/8) is divided by 13?
10
Let v(o) be the first derivative of -13*o**2/2 + o + 1. Suppose 7*x + 70 = 12*x. What is the remainder when v(-3) is divided by x?
12
Let c(z) = 22*z**2 + 1. Let y(r) = 2*r**3 - 5*r**2 + 3*r + 7. What is the remainder when y(4) is divided by c(-1)?
21
Let i = -219 + 245. Suppose 5*c + 2*n - 134 - 119 = 0, 0 = -3*c - 4*n + 163. What is the remainder when c is divided by i?
23
What is the remainder when 59 is divided by (-8)/5*(-50)/4?
19
Suppose -3*m + 21 = -0*m. Suppose 5*i + 4 = -3*h + 33, 0 = -3*h - 2*i + 17. Calculate the remainder when m is divided by h.
1
What is the remainder when 260/25 - 4/10 is divided by 4?
2
What is the remainder when 59 is divided by ((-27)/(-24)*2)/(12/64)?
11
Suppose -4 = j - 2*j. Suppose 2*m = 2*l - 136, l - 3*l = j*m - 148. What is the remainder when l is divided by 24?
22
Suppose -3*x - x - 2 = -2*w, -w = -5*x + 5. Suppose -3*d + 80 = x*d. Suppose 3*q = 5*z - 244, z = -0*z - 2*q + 41. What is the remainder when z is divided by d?
15
Let d = 53 - -20. What is the remainder when d is divided by (